 t(-8). What is the highest common factor of 60 and g?
12
Let d(v) = 16*v - 3. Let o be d(6). Let h(m) = m**3 - 5*m**2 + 3*m + 8. Let q be h(6). Calculate the greatest common divisor of o and q.
31
Let m be -40 + 35 - (1 - 16). Calculate the highest common divisor of m and 40.
10
Let q be (1 - 2)/(4/(-20)). Suppose 0*h - h = -4*n - 21, -q*h = 3*n + 10. Let z be ((2 - 3) + -10)*-1. What is the highest common divisor of h and z?
1
Let d = 6 - 7. Let b be -2 + d*(2 + 2). Let z be (b/15 + 2)*5. Calculate the greatest common factor of z and 4.
4
Let y(c) = c**3 - 15*c**2 + 12*c + 5. Let b be y(14). Let z = 34 + b. Calculate the greatest common factor of 99 and z.
11
Let a be 0/(3 + 0 + -2). Suppose 2*i + a*t + 2*t = 28, 5*t + 80 = 5*i. What is the greatest common factor of i and 120?
15
Let l = -21 + 26. Let m be 4/10 - 3/(-5). Calculate the highest common divisor of l and m.
1
Suppose 0 = n - 5*k + 5, -95 = -2*n - 3*n - 5*k. Let q = 25 - n. Calculate the highest common factor of 20 and q.
10
Suppose -5*i - 4*c = -158, 2*c = -2*i + 4*c + 56. Let l = -8 + i. Suppose q = -3*s + 26, -5*q = -3*s - s + l. What is the greatest common factor of 64 and s?
8
Let i = -20 - -24. Let h(m) = -m + 9. Let a be h(5). Calculate the greatest common factor of i and a.
4
Let m be 23 + 6/(-4)*2. Calculate the greatest common factor of 30 and m.
10
Let u = 2 + -9. Let f be (-2)/u + (-878)/(-14). Suppose 4*s - 12 = 0, -20 = -4*c - 4*s + 20. Calculate the greatest common divisor of c and f.
7
Let s = -86 + 239. What is the highest common divisor of 17 and s?
17
Let l = 0 - -10. Suppose 4*x = 5*i - x - l, 2*x = 2. Let k = 5 + -2. Calculate the greatest common divisor of k and i.
3
Let c(o) = -8*o. Let t be c(-3). Calculate the highest common divisor of 3 and t.
3
Let r(y) = -y**2 + 8*y - 7. Let c be r(5). Let d = 6 + -3. Suppose 3*k = 5*q - 185, -11 - 14 = -q + d*k. What is the highest common divisor of q and c?
8
Suppose -206 = 5*m - 1291. Calculate the highest common factor of m and 31.
31
Let s(d) = -d**2 - 3*d + 6. Let w be s(5). Let k = -23 - w. Suppose -3*u = v - 42, 4*u = -2*v + 42 + 36. Calculate the greatest common factor of k and v.
11
Let r(h) = -15*h + 2. Let d be r(-2). Suppose -u = t - 0*t - 13, t + 2*u - 18 = 0. Calculate the highest common divisor of t and d.
8
Let z(g) = 9*g + 3. Let i be z(3). Let a = i + -10. What is the greatest common factor of 180 and a?
20
Let s = 147 + -135. What is the greatest common factor of 18 and s?
6
Suppose 52 = 3*k - k. Calculate the greatest common factor of 26 and k.
26
Suppose 0*f - 4*f - 8 = 0. Let q = f + 5. Suppose -50 = -5*u - 5*x, 4*u - q*u - 5*x = 10. Calculate the highest common factor of 10 and u.
10
Let p = 6 + 1. Let j = 9 + 5. Calculate the highest common divisor of j and p.
7
Suppose -47 = -4*y + 17. Suppose 0 = -14*t + 4*t + 320. What is the highest common factor of y and t?
16
Suppose 0 = 2*s + 3*q - 14 - 41, -s - 5*q + 45 = 0. What is the highest common factor of s and 100?
20
Suppose 3*p - 5*p = -2. Suppose -3*l + 59 = -5*w, p - 6 = -w. What is the highest common divisor of 14 and l?
14
Let m = -34 - -74. Calculate the highest common factor of m and 5.
5
Let a(j) = -5*j**3 + 3 + 2*j - 3 - 1 + 4 - j**2. Let z be a(-2). What is the greatest common divisor of z and 7?
7
Let l(d) = 3*d**2 - 2*d. Let t be l(-2). Let h be ((-27)/(-12) - -2)*t. What is the greatest common factor of 17 and h?
17
Let z(u) = u**2 + 7*u - 16. Let x be z(-11). Calculate the highest common divisor of x and 224.
28
Suppose -h = 4*k - 34, 2*h = k - 4*k + 88. What is the highest common divisor of h and 10?
10
Let h(r) = 7*r**2. Let g be h(1). Suppose -g*j + 3*j + 132 = -5*t, -3*j = -t - 99. Suppose -4*d = -j + 9. What is the greatest common factor of d and 6?
6
Let m be 5*-2 + (-1 - -1). Let c = m + 17. Let h = 14 - c. What is the highest common factor of h and 7?
7
Let j(m) = 3*m**2 + 42. Let f be j(0). What is the highest common factor of f and 14?
14
Let p be (-2)/2*-1 - -79. What is the greatest common divisor of 16 and p?
16
Let j be 26/(0/(-2) + 2). Let h be j + (-1 - (0 + -1)). Suppose -3*r + 6 = 0, m + 4*r - 2*r = 17. Calculate the greatest common divisor of h and m.
13
Let x be 63 - 25 - (3 + 1). What is the highest common factor of 136 and x?
34
Let s(j) be the first derivative of 2 - 4*j + 0*j**3 + 1/4*j**4 - 1/2*j**2. Let u be s(3). What is the highest common factor of u and 30?
10
Suppose 0 = -2*j - j + 246. Let o(c) = c**2 - c + 7. Let k be o(-6). Let s = j - k. What is the greatest common factor of s and 11?
11
Let i = 16 + -10. Suppose 0 = -i*n + 2*n - 520. Let m be (4/5)/((-2)/n). What is the highest common divisor of 13 and m?
13
Let x = 5 + 6. Calculate the greatest common factor of 33 and x.
11
Suppose -1050 = 4*v - v. Let c = -240 - v. What is the greatest common factor of 10 and c?
10
Suppose 2*b - 54 - 56 = 0. Let x be ((-22)/4)/(3/(-6)). Calculate the greatest common factor of b and x.
11
Let z = -181 - -286. What is the highest common divisor of z and 21?
21
Let m(t) = 3*t. Let g be m(-1). Let i = -1 - g. Suppose -2*w + i*k = 0, 6 = w + 2*k - 0. Calculate the greatest common factor of w and 8.
2
Suppose -3*d + g + 25 = 0, 4*d - 4 - 42 = -5*g. Let b = 339 - 240. Calculate the greatest common factor of b and d.
9
Suppose -23 = -4*g + 25. Let c be 14/6 - (-2)/(-6). Suppose 3*h - c*x = g, -2*h + 1 = x - 0. What is the greatest common factor of 18 and h?
2
Let z(c) = -109*c - 1. Let x be z(-1). Calculate the greatest common divisor of x and 27.
27
Let g(y) = y**3 + 11*y**2 + 8*y - 12. Let n be g(-10). Let i(o) = 3*o - 12. Let a be i(n). Calculate the greatest common divisor of 18 and a.
6
Let r(b) = b**2 + 3*b - 14. Let o be r(-7). What is the greatest common divisor of o and 42?
14
Suppose -5*l - 2*z = -54, -2*l + 1 = 5*z - 8. Calculate the greatest common divisor of 132 and l.
12
Let o = 40 + -4. Suppose 6*t + 19 = k + 3*t, 0 = -k + t + 9. Calculate the highest common factor of k and o.
4
Suppose 9 = 3*l, 2*c - 35 = 5*l - 4*l. What is the highest common factor of c and 304?
19
Let g(i) be the third derivative of i**5/60 + 7*i**4/24 + 2*i**2. Let u be g(-9). Calculate the greatest common divisor of 36 and u.
18
Suppose 4*k - 2 = 2*r, 3*r - 7*r - 4 = 3*k. Let t = 8 + k. What is the greatest common factor of t and 40?
8
Suppose w - 2*j - 3 = j, -j = -3*w + 1. Suppose -z + 2 = -w. Suppose -5*u - 3*g + 7 = 0, 2*u - 6 = g + g. What is the highest common divisor of u and z?
2
Suppose -r + 4 = 0, 4*r - 22 = -2*s - r. Let t be s*(5 + -2) - 1. Let b be ((-1 - -3) + t)*4. What is the greatest common divisor of b and 2?
2
Let r = 8 + -6. Let h be (-1 - r) + 0/1. Let q be (-748)/(-12) + (-2)/h. What is the greatest common divisor of q and 7?
7
Let x = 12 - 20. Let g = x - -12. What is the highest common factor of 20 and g?
4
Suppose 0 = h - 8*h + 84. Let b = -171 - -250. Let f = 29 + b. Calculate the highest common factor of h and f.
12
Let o = -21 - -61. What is the greatest common factor of o and 20?
20
Suppose -4*r + u + 695 = -4*u, 3*r - 526 = -u. Calculate the highest common factor of 50 and r.
25
Suppose 3*p = 4*i - 135, -55 - 20 = -2*i - p. Let y be 3/2*i/2. What is the highest common divisor of y and 108?
27
Let o = -5 - -40. What is the greatest common factor of o and 140?
35
Suppose -3*m = -l - 123, -m + 43 = -5*l + 4*l. Calculate the highest common divisor of 280 and m.
40
Let i be (9/(-12))/((-1)/8). Let b = 6 + i. Calculate the highest common factor of b and 108.
12
Let o(f) = -19*f - 221. Let p be o(-12). Let l(n) = n**3 - 2*n**2 + 6*n. Let m be l(4). Calculate the greatest common divisor of p and m.
7
Let q(d) = d**2 - 8*d + 7. Let f be q(7). Suppose 108 = 4*u - f*u. Let i(s) = s**2 - s + 9. Let l be i(0). Calculate the greatest common factor of u and l.
9
Suppose 4 + 2 = 2*s. Suppose -d = s*d - 16. Suppose -2*h + 4*b + 50 = -0*h, -d*b + 55 = 3*h. Calculate the highest common divisor of 63 and h.
21
Let z = -10 - -42. Let y(o) = -o**2 - 7*o - 5. Let n be y(-5). Suppose 2*l - 5*x = -12, 6*x - 32 = -n*l + 3*x. Calculate the highest common factor of l and z.
4
Let a be -1 - -3*6/2. Let v(k) = 1 + 1 + 2*k + 0. Let d be v(3). Calculate the greatest common factor of a and d.
8
Let f be (1026/(-21))/(-3) - (-22)/(-7